 u*s + 20 = 6*s. What is j(s)?
-6
Let n(v) be the first derivative of 0*v**2 - 4/3*v**3 + v - 126. Determine n(-1).
-3
Suppose -74*k - 163284 + 163210 = 0. Let x(u) be the third derivative of -u**6/30 - u**4/24 - u**3/6 - 2*u**2. What is x(k)?
4
Let n(f) = f**3 - 6*f**2 + 6*f + 2. Let p be n(6). Let i = p - -97. Let m(v) = -270*v + i*v + 136*v + 6. Calculate m(0).
6
Let b(w) be the second derivative of -w**5/60 + 5*w**4/8 - 2*w**3 + 22*w**2 - 2*w - 21. Let c(h) be the first derivative of b(h). Give c(12).
24
Let k(q) be the third derivative of -3*q**2 - 1/3*q**3 + 0 + 0*q + 1/6*q**4. Let j be (-20)/25*(-5)/2. Determine k(j).
6
Let y = -113 + 122. Let o(w) = w**3 - 10*w**2 + 12*w - 20. Let a be o(y). Let i(g) = -g**2 + 6*g - 2. Give i(a).
-9
Let t(b) = 11*b - 19. Let a(y) = y**3 + 6*y**2 + 5*y - 4. Let i be a(-4). Let m(x) = -x - 2 + 7 + 6*x + 1 - 9*x. Let v(o) = i*m(o) + 3*t(o). Calculate v(0).
-9
Let h = -187 - -223. Let y(d) = d - 52 - 38 + 110 - h. Calculate y(8).
-8
Let d(q) = q**2 - 3*q - 6. Suppose 28*t = -4*t + 236 - 12. Calculate d(t).
22
Suppose -6 = -7*a + 22. Let h(b) = -6*b - b + 4*b - 7*b**2 + a*b. Let t be 1 + 9/(-4) - (-11)/44. Calculate h(t).
-8
Let m = -6 + 18. Suppose 4*y - 12 - m = 0. Let z(c) = c**2 + 5 - 3 - 5*c + 1 + 4 - 4*c. What is z(y)?
-11
Let n(a) = -2*a**2 - 7*a + 6. Let l(s) = -18*s**2 + 0*s**2 + 16*s**2 - 38*s - 5. Let z be l(-19). What is n(z)?
-9
Let m = -34 - -25. Let b = m + 23. Suppose 8*k = b + 50. Let z(a) = -a**2 + 10*a - 12. What is z(k)?
4
Let c = 592 - 591. Suppose -j = -3*k + 1, 10*k - 2*j = 5*k + c. Let h(f) = -7*f**3 + f**2 - f. What is h(k)?
-7
Suppose -1485 = 107*r + 2191 - 894. Let v(y) = y**2 + 24*y + 55. Calculate v(r).
107
Let w(j) = -19 + 15*j - j**3 - 267*j**2 - 1 + 281*j**2. Suppose -3*c + 30 = -3*a, 2*c - a + 17 - 42 = 0. Calculate w(c).
-20
Suppose d = -2*i - 2*d + 4, 0 = 4*i - 5*d - 8. Let l(h) be the third derivative of h**6/120 - h**5/20 + h**4/12 + h**3/3 + 11*h**2 + 4*h - 2. Give l(i).
2
Let v(s) be the first derivative of 2/3*s**3 + 0*s - 1/2*s**2 - 3/4*s**4 + 2. Let f(l) = -l**3 + 17*l**2 + 199*l + 26. Let d be f(25). What is v(d)?
-2
Let g(s) = -4*s + 2*s**2 + 3*s - 214 + 210 - 4*s + 0*s**2. What is g(5)?
21
Let u(y) = -y**3 + 7*y**2 + 7*y + 5. Let a = -119 - -123. Suppose -l - 3*r - 2 = 2*r, 0 = a*l - 2*r - 36. Calculate u(l).
-3
Let f be 5*((-1080)/420 - 8/(-14)). Let z(g) = 3*g + 18. What is z(f)?
-12
Let r be (3/(-2))/((-26)/52). Let x(l) = -4 + 7 + l**3 + 1 + 1 + 2*l + l**2 + 0*l**r. What is x(0)?
5
Suppose 4 = 2*m, -8 = 28*o - 27*o - m. Let a(f) be the third derivative of f**5/60 + f**4/8 - 5*f**3/6 + 2*f**2. Determine a(o).
13
Let x(t) = -526*t + 524. Let z(o) = 1242*o - 1047. Let m(k) = 7*x(k) + 3*z(k). Give m(-12).
-1
Suppose -85 - 148 = -26*f + 79. Let c(m) = -2*m**3 + 23*m**2 + 15*m - 23. Give c(f).
13
Let w(l) = -9*l**3 - 164*l**2 - 2*l - 1. Let x(c) = -8*c**3 - 191*c**2 - 2*c - 1. Let j(y) = 7*w(y) - 6*x(y). Calculate j(-1).
14
Let d(o) = 274942 + o + o - 274934. Give d(-7).
-6
Suppose 29*x = 36*x + 21. Let a(q) = q**3 + q**2 - 9*q - 3. Let b be a(x). Let m(p) = p**2 - 7*p - 3. Give m(b).
-9
Let c(m) be the first derivative of -5*m**2/2 - 5. Let q(d) = -1 + 3*d + 4 - 3 - 9. Let p be q(2). What is c(p)?
15
Let h be -1 + -1 + 1 - -3. Suppose -2 = -w + h. Let v be -2*w/8*-4. Let d(r) = -4*r + 3. Give d(v).
-13
Let c(f) = 2*f**3 + 3*f**2 - 2*f - 1. Let y be (-1)/(((-90)/20)/(-9)). What is c(y)?
-1
Let u(z) = 3*z**2 - 12*z - 1. Let m(i) = 2*i**2 - 9. Let c(q) = -2*m(q) + u(q). Calculate c(-13).
4
Let u(v) = -6*v + 12. Let k be -3*((-10)/6)/(-5) - -7. Let z(x) = 3*x - 15. Let r be z(k). Let h be u(r). Let b(n) = n**3 + 7*n**2 + 6*n + 3. What is b(h)?
3
Let r = -14423 + 14451. Let z(a) be the third derivative of 0*a - 1/2*a**3 - r*a**2 + 1/15*a**5 - 1/120*a**6 + 1/24*a**4 + 0. Determine z(4).
1
Let s(o) = -o**3 - 3*o**2 + 2*o - 3. Let v = 601 + -597. Suppose -2*b + 5*b - 3 = 4*z, -v*z + 5*b + 3 = 0. Calculate s(z).
-9
Let g be (22 + 0 - 1)*966/1127. Let q(i) = 18*i**2 + 27*i - 19*i**2 - g*i + 13. Calculate q(10).
3
Let p(j) be the second derivative of j**4/6 + j**3/6 - j**2/2 + 2*j - 24. Let w(o) = -o**3 + 6*o**2 - 4*o + 19. Let v(n) = -3*p(n) - w(n). Give v(12).
-4
Suppose 0 = -5*x + 28 - 18. Suppose 2*m = -m - 5*c - 13, 5*m - 30 = x*c. Let a(q) = q + 2. Let p(j) = j + 1. Let v(r) = -4*a(r) + 5*p(r). Calculate v(m).
1
Suppose 4*f = -4*k, -2*f = 4*k - 7 + 1. Let n(c) = 2 - 5*c**2 - 3*c - 4*c + 0 + c**k. Let v be n(6). Let b(p) = -2*p. Calculate b(v).
8
Suppose 0 = -0*r - 3*r - 4*g, -27 = -3*r + 5*g. Suppose 33 = 4*c - i, i = -2*c - r*i + 11. Let m(b) = -20*b - c + b**2 + 14*b + 6. Give m(6).
-2
Let v(t) = t**3 + t**2. Let i(p) = 7*p + 74. Let m be i(-11). Determine v(m).
-18
Let k(r) = 7*r**3 - 6*r**2 + 7*r + 4. Let o(x) = -13*x**3 + 11*x**2 - 13*x - 8. Let z(p) = 11*k(p) + 6*o(p). Let b be (-7)/(98/(-4)) - (-8)/(-28). What is z(b)?
-4
Let b(x) be the second derivative of x**4/12 + x**3/2 + 3*x**2/2 + 120*x. What is b(2)?
13
Suppose -5*i - 10 = 0, -20*x - 16 = -22*x + 3*i. Let s(q) = x - q**2 - 42*q - 6*q + 64*q. Give s(17).
-12
Let t(w) be the third derivative of -w**5/60 + w**4/8 - w**3 + 1055*w**2 - 2*w. Give t(0).
-6
Let i(m) = m**2 - 8*m + 5. Suppose -387 + 14 = -74*s - 3. Calculate i(s).
-10
Suppose -128 = -9*u + 412. Let z(o) = u - 63 - o - 4*o + 0*o. Determine z(3).
-18
Let u(t) = t**3 + 17*t**2 + 15*t - 14. Let p(d) = 37*d - 571. Let g be p(15). Calculate u(g).
2
Let g(w) = -3*w**2 - 4*w + 9. Suppose -23*j = -24*j + 2. Let m be g(j). Let s(o) = -o**2 - 12*o - 16. Calculate s(m).
-5
Let b(z) = z**3 - 5*z**2 + 3*z + 3. Let o = -28 + 26. Let m be 0 - o*(-3 + 5). What is b(m)?
-1
Suppose i - 5*i = 28. Let v(q) = -61*q**2 - 6*q - 62*q**2 + 3 + 122*q**2. Calculate v(i).
-4
Let y(a) be the first derivative of 4*a**3 - 9*a**2 + 39*a - 303. Let s(i) = -5*i**2 + 8*i - 19. Let j(x) = -7*s(x) - 3*y(x). Calculate j(3).
1
Suppose 3*j + 2*a - 6*a = 11, -2*j + 4*a = -6. Suppose 4*c + n - 19 = 0, -4*c + 11 = 3*n - 6. Let s(v) = -18 - v**2 + 0*v + c + 8*v + 6. Give s(j).
8
Let z(j) = 156 - 332*j**2 - 31*j + 527*j**2 - 194*j**2. Calculate z(25).
6
Let y(c) = -12*c**3 + 17*c**2 - 27*c - 18. Let z(d) = -7*d**3 + 9*d**2 - 14*d - 9. Let i(k) = -4*y(k) + 7*z(k). Calculate i(-7).
37
Let s(i) be the third derivative of -4*i**2 + 0 + 0*i - 13/6*i**3 + 1/24*i**4. Let c(k) = 2*k**3 + 112*k**2 - 115*k - 51. Let d be c(-57). What is s(d)?
-7
Let u be ((-13)/2 + (16 - 10))*-14. Let p(r) = 2*r - 17. Calculate p(u).
-3
Let l(r) = -2*r**3 + 9*r**2 - 3*r + 10. Let n(o) = -o**3 + 8*o**2 - 4*o + 10. Let m be 60/(-16) + 2 - (-3)/(-12). Let s(q) = m*l(q) + 3*n(q). Determine s(-7).
3
Suppose 2*r + 137 = 3*r. Suppose 6*c = -17 + r. Suppose -4*p + c = p. Let g(o) = -o**3 + 3*o**2 + 5*o - 1. What is g(p)?
3
Suppose 0 = -3*f + 2*y + 9, 1 - 36 = -4*f - 5*y. Let x(t) = -3*t**2 - 9*t**2 - f + 3*t**2 - t - 29*t**3 + 64*t**3 - 34*t**3. Determine x(9).
-14
Let x(v) = v**2 - 2*v**2 - 41515 + 82948 - 25*v - 41597. What is x(-11)?
-10
Suppose 5*h + 25 = 5*w, -14*w - 17 = -15*w + 5*h. Let x(u) be the third derivative of -17*u**w + 0 + 0*u + 1/12*u**4 + 1/2*u**3. What is x(-2)?
-1
Let t(q) = 14*q**2 - 43*q - 7. Let m be t(3). Let i(g) = 10*g + 122. Calculate i(m).
22
Suppose 0 = 2*k - 0*k - 4*o + 28, -4*o + 32 = -3*k. Let w(l) = -l - 2. Let z(j) = 8*j + 6*j + 8 - 9*j. Let q(d) = 9*w(d) + 2*z(d). Determine q(k).
-6
Suppose -134*t = -175*t - 405 - 292. Let c(o) = o**2 + 13*o - 4. Determine c(t).
64
Let p(r) = 250*r - 4 - 123*r - 5*r**2 + 2*r**2 - 5 - 176*r. What is p(-16)?
7
Let i(p) = -p**3 - 7*p - 4. Let k(d) = d**3 - d**2 + 7*d + 5. Let g(n) = 7*i(n) + 6*k(n). Let f(h) = -h - 21. Let t be f(-6). Let a = t + 10. Calculate g(a).
12
Let n(r) = r - 2*r**2 - 4 - 6*r + 3*r**2. Let j be n(6). Let g(o) = -66038886*o - 2*o**2 - 4 + 66038886*o + 5. What is g(j)?
-7
Let x(t) be the second derivative of t**5/20 - t**4/4 + t**3 - 9*t**2/2 + 1016*t. What is x(4)?
31
Suppose 5*b + 11*o = 7*o + 18, -2*o + 6 = 2*b. Let i(w) = -w - 8. Give i(b).
-14
Let w(o) = -3898244*o + 11 + 3898247*o + 2. What is w(-9)?
-14
Let u(b) = -2*b - 79. Let a(t) = t + 28. Let r(s) = 14*a(s) + 5*u(s). Give r(3).
9
Let l(j) = -j**2 - j + 135. Suppose 11 = 